{"id":516,"date":"2021-03-24T14:23:54","date_gmt":"2021-03-24T13:23:54","guid":{"rendered":"https:\/\/www.nkspansko.hr\/?page_id=516"},"modified":"2021-09-06T13:24:19","modified_gmt":"2021-09-06T11:24:19","slug":"povijest-kluba","status":"publish","type":"page","link":"https:\/\/www.nkspansko.hr\/index.php\/povijest-kluba\/","title":{"rendered":"POVIJEST KLUBA"},"content":{"rendered":"<p><img loading=\"lazy\" decoding=\"async\" class=\"aligncenter wp-image-517 size-full\" src=\"https:\/\/www.nkspansko.hr\/wp-content\/uploads\/2021\/03\/Povjest-kluba.jpg\" alt=\"\" width=\"1920\" height=\"914\" srcset=\"https:\/\/www.nkspansko.hr\/wp-content\/uploads\/2021\/03\/Povjest-kluba.jpg 1920w, https:\/\/www.nkspansko.hr\/wp-content\/uploads\/2021\/03\/Povjest-kluba-600x286.jpg 600w, https:\/\/www.nkspansko.hr\/wp-content\/uploads\/2021\/03\/Povjest-kluba-300x143.jpg 300w, https:\/\/www.nkspansko.hr\/wp-content\/uploads\/2021\/03\/Povjest-kluba-1024x487.jpg 1024w, https:\/\/www.nkspansko.hr\/wp-content\/uploads\/2021\/03\/Povjest-kluba-768x366.jpg 768w, https:\/\/www.nkspansko.hr\/wp-content\/uploads\/2021\/03\/Povjest-kluba-1536x731.jpg 1536w, https:\/\/www.nkspansko.hr\/wp-content\/uploads\/2021\/03\/Povjest-kluba-1200x571.jpg 1200w, https:\/\/www.nkspansko.hr\/wp-content\/uploads\/2021\/03\/Povjest-kluba-350x167.jpg 350w\" sizes=\"auto, (max-width: 1920px) 100vw, 1920px\" \/><\/p>\n<p style=\"text-align: justify;\">NK \u0160pansko, nogometni klub iz istoimenoga zagreba\u010dkog naselja, osnovan je 16.velja\u010de. 1958. Osniva\u010di: J. Martinec (prvi predsjednik), J. Svilkovi\u0107, Juraj i Josip Cviljak, V. Mar\u0161ani\u0107, M. Matinec, M. Jakopila, S. Martinec, J. Batina. Najuspje\u0161niji igra\u010di: I. Svilkovi\u0107, D. Mu\u017eek, B. Strupar, H. Pipini\u0107, \u017d. Bogadi. Najuspje\u0161niji djelatnici: S. Martinec, P. Peko\u010d, S. Jerkovi\u0107, I. Gaguli\u0107, \u0110. Hartek.<\/p>\n<p style=\"text-align: justify;\"><span style=\"color: #ff0000;\"><strong>USPJESI U PRVENSTVU<\/strong><\/span><\/p>\n<p style=\"text-align: justify;\">U biv\u0161oj Jugoslaviji najbolje rezultate ostvario je 1965. godine i u razdoblju od 1984. do 1991. godine kada je napredovao do Hrvatske lige sjever (4. razred natjecanja). Od 1992. godine do 1998. godine nastupao je u 2. HNL. Najve\u0107i uspjeh je osvojeno drugo mjesto u skupini sjever 2. HNL 1992. godine.Trenuta\u010dno se natje\u010de u 3. HNL \u2013 Sredi\u0161te.<\/p>\n<p style=\"text-align: justify;\"><span style=\"color: #ff0000;\"><strong>USPJESI U KUPU<\/strong><\/span><\/p>\n<p style=\"text-align: justify;\">U vi\u0161e navrata je bio finalist i pobjednik kupa\u00a0Zagreba\u010dkog nogometnog saveza. Nekoliko puta je nastupio u zavr\u0161nom dijelu\u00a0Hrvatskog nogometnog kupa. Najve\u0107i uspjeh je izborena osmina zavr\u0161nice u sezonama\u00a01994.\/95.,\u00a01997.\/98.\u00a0i\u00a01999.\/00.\u00a0Poseban uspjeh su dvije ravnopravno odigrane kup utakmice u sezoni\u00a01994.\/95.\u00a0protiv splitskog\u00a0Hajduka (1:1, 3:4).<\/p>\n\n\t\t<style type=\"text\/css\">\n\t\t\t#gallery-1 {\n\t\t\t\tmargin: auto;\n\t\t\t}\n\t\t\t#gallery-1 .gallery-item {\n\t\t\t\tfloat: left;\n\t\t\t\tmargin-top: 10px;\n\t\t\t\ttext-align: center;\n\t\t\t\twidth: 50%;\n\t\t\t}\n\t\t\t#gallery-1 img {\n\t\t\t\tborder: 2px solid #cfcfcf;\n\t\t\t}\n\t\t\t#gallery-1 .gallery-caption {\n\t\t\t\tmargin-left: 0;\n\t\t\t}\n\t\t\t\/* see gallery_shortcode() in wp-includes\/media.php *\/\n\t\t<\/style>\n\t\t<div data-carousel-extra='{\"blog_id\":1,\"permalink\":\"https:\\\/\\\/www.nkspansko.hr\\\/index.php\\\/povijest-kluba\\\/\"}' id='gallery-1' class='gallery galleryid-516 gallery-columns-2 gallery-size-medium'><dl class='gallery-item'>\n\t\t\t<dt class='gallery-icon landscape'>\n\t\t\t\t<a href='https:\/\/www.nkspansko.hr\/wp-content\/uploads\/2021\/09\/Nk-spansko-Povjest-2.jpg'><img loading=\"lazy\" decoding=\"async\" data-attachment-id=\"1443\" data-orig-file=\"https:\/\/www.nkspansko.hr\/wp-content\/uploads\/2021\/09\/Nk-spansko-Povjest-2.jpg\" data-orig-size=\"1028,769\" data-comments-opened=\"1\" data-image-meta=\"{&quot;aperture&quot;:&quot;0&quot;,&quot;credit&quot;:&quot;&quot;,&quot;camera&quot;:&quot;&quot;,&quot;caption&quot;:&quot;&quot;,&quot;created_timestamp&quot;:&quot;0&quot;,&quot;copyright&quot;:&quot;&quot;,&quot;focal_length&quot;:&quot;0&quot;,&quot;iso&quot;:&quot;0&quot;,&quot;shutter_speed&quot;:&quot;0&quot;,&quot;title&quot;:&quot;&quot;,&quot;orientation&quot;:&quot;0&quot;}\" data-image-title=\"Nk spansko Povjest 2\" data-image-description=\"\" data-medium-file=\"https:\/\/www.nkspansko.hr\/wp-content\/uploads\/2021\/09\/Nk-spansko-Povjest-2-300x224.jpg\" data-large-file=\"https:\/\/www.nkspansko.hr\/wp-content\/uploads\/2021\/09\/Nk-spansko-Povjest-2-1024x766.jpg\" title=\"Nk spansko Povjest 2\" width=\"300\" height=\"224\" src=\"https:\/\/www.nkspansko.hr\/wp-content\/uploads\/2021\/09\/Nk-spansko-Povjest-2-300x224.jpg\" class=\"attachment-medium size-medium\" alt=\"\" srcset=\"https:\/\/www.nkspansko.hr\/wp-content\/uploads\/2021\/09\/Nk-spansko-Povjest-2-300x224.jpg 300w, https:\/\/www.nkspansko.hr\/wp-content\/uploads\/2021\/09\/Nk-spansko-Povjest-2-600x449.jpg 600w, https:\/\/www.nkspansko.hr\/wp-content\/uploads\/2021\/09\/Nk-spansko-Povjest-2-1024x766.jpg 1024w, https:\/\/www.nkspansko.hr\/wp-content\/uploads\/2021\/09\/Nk-spansko-Povjest-2-768x575.jpg 768w, https:\/\/www.nkspansko.hr\/wp-content\/uploads\/2021\/09\/Nk-spansko-Povjest-2-350x262.jpg 350w, https:\/\/www.nkspansko.hr\/wp-content\/uploads\/2021\/09\/Nk-spansko-Povjest-2.jpg 1028w\" sizes=\"auto, (max-width: 300px) 100vw, 300px\" \/><\/a>\n\t\t\t<\/dt><\/dl><dl class='gallery-item'>\n\t\t\t<dt class='gallery-icon landscape'>\n\t\t\t\t<a href='https:\/\/www.nkspansko.hr\/wp-content\/uploads\/2021\/09\/Nk-spansko-Povjest.jpg'><img loading=\"lazy\" decoding=\"async\" data-attachment-id=\"1444\" data-orig-file=\"https:\/\/www.nkspansko.hr\/wp-content\/uploads\/2021\/09\/Nk-spansko-Povjest.jpg\" data-orig-size=\"1025,769\" data-comments-opened=\"1\" data-image-meta=\"{&quot;aperture&quot;:&quot;0&quot;,&quot;credit&quot;:&quot;&quot;,&quot;camera&quot;:&quot;&quot;,&quot;caption&quot;:&quot;&quot;,&quot;created_timestamp&quot;:&quot;0&quot;,&quot;copyright&quot;:&quot;&quot;,&quot;focal_length&quot;:&quot;0&quot;,&quot;iso&quot;:&quot;0&quot;,&quot;shutter_speed&quot;:&quot;0&quot;,&quot;title&quot;:&quot;&quot;,&quot;orientation&quot;:&quot;0&quot;}\" data-image-title=\"Nk spansko Povjest\" data-image-description=\"\" data-medium-file=\"https:\/\/www.nkspansko.hr\/wp-content\/uploads\/2021\/09\/Nk-spansko-Povjest-300x225.jpg\" data-large-file=\"https:\/\/www.nkspansko.hr\/wp-content\/uploads\/2021\/09\/Nk-spansko-Povjest.jpg\" title=\"Nk spansko Povjest\" width=\"300\" height=\"225\" src=\"https:\/\/www.nkspansko.hr\/wp-content\/uploads\/2021\/09\/Nk-spansko-Povjest-300x225.jpg\" class=\"attachment-medium size-medium\" alt=\"\" srcset=\"https:\/\/www.nkspansko.hr\/wp-content\/uploads\/2021\/09\/Nk-spansko-Povjest-300x225.jpg 300w, https:\/\/www.nkspansko.hr\/wp-content\/uploads\/2021\/09\/Nk-spansko-Povjest-600x450.jpg 600w, https:\/\/www.nkspansko.hr\/wp-content\/uploads\/2021\/09\/Nk-spansko-Povjest-768x576.jpg 768w, https:\/\/www.nkspansko.hr\/wp-content\/uploads\/2021\/09\/Nk-spansko-Povjest-350x263.jpg 350w, https:\/\/www.nkspansko.hr\/wp-content\/uploads\/2021\/09\/Nk-spansko-Povjest.jpg 1025w\" sizes=\"auto, (max-width: 300px) 100vw, 300px\" \/><\/a>\n\t\t\t<\/dt><\/dl><br style=\"clear: both\" \/>\n\t\t<\/div>\n\n","protected":false},"excerpt":{"rendered":"<p>NK \u0160pansko, nogometni klub iz istoimenoga zagreba\u010dkog naselja, osnovan je 16.velja\u010de. 1958. Osniva\u010di: J. Martinec (prvi predsjednik), J. Svilkovi\u0107, Juraj i Josip Cviljak, V. Mar\u0161ani\u0107, M. Matinec, M. Jakopila, S. Martinec, J. Batina. Najuspje\u0161niji igra\u010di: I. Svilkovi\u0107, D. Mu\u017eek, B. Strupar, H. Pipini\u0107, \u017d. Bogadi. Najuspje\u0161niji djelatnici: S. Martinec, P. Peko\u010d, S. Jerkovi\u0107, I. Gaguli\u0107,&#8230;<\/p>\n<a href=\"https:\/\/www.nkspansko.hr\/index.php\/povijest-kluba\/\" class=\"more-link\">Op\u0161irnije<\/a>","protected":false},"author":1,"featured_media":0,"parent":0,"menu_order":0,"comment_status":"closed","ping_status":"closed","template":"","meta":{"footnotes":""},"class_list":["post-516","page","type-page","status-publish","hentry"],"_links":{"self":[{"href":"https:\/\/www.nkspansko.hr\/index.php\/wp-json\/wp\/v2\/pages\/516","targetHints":{"allow":["GET"]}}],"collection":[{"href":"https:\/\/www.nkspansko.hr\/index.php\/wp-json\/wp\/v2\/pages"}],"about":[{"href":"https:\/\/www.nkspansko.hr\/index.php\/wp-json\/wp\/v2\/types\/page"}],"author":[{"embeddable":true,"href":"https:\/\/www.nkspansko.hr\/index.php\/wp-json\/wp\/v2\/users\/1"}],"replies":[{"embeddable":true,"href":"https:\/\/www.nkspansko.hr\/index.php\/wp-json\/wp\/v2\/comments?post=516"}],"version-history":[{"count":5,"href":"https:\/\/www.nkspansko.hr\/index.php\/wp-json\/wp\/v2\/pages\/516\/revisions"}],"predecessor-version":[{"id":1446,"href":"https:\/\/www.nkspansko.hr\/index.php\/wp-json\/wp\/v2\/pages\/516\/revisions\/1446"}],"wp:attachment":[{"href":"https:\/\/www.nkspansko.hr\/index.php\/wp-json\/wp\/v2\/media?parent=516"}],"curies":[{"name":"wp","href":"https:\/\/api.w.org\/{rel}","templated":true}]}}